 of t?
2
Let f(m) = m**2 + 7*m - 6. Let n be f(-8). Suppose 0 = n*v + 2*v - 20. Suppose -h = -v*a + 270, 5*a + 0*h = -5*h + 240. What is the tens digit of a?
5
Suppose 2*t + 22 = 5*p, 3*t + 11 = -2*p + 35. Suppose 116 = -p*h + 740. What is the units digit of h?
4
Let j(l) = l**3 - 7*l**2 - 10*l + 7. Let a be j(8). Let q = a - -9. Suppose -s - 4 + 7 = q. What is the units digit of s?
3
Suppose -34*f - 7603 = -132179. What is the tens digit of f?
6
Let a be (-1)/3 + 170/(-30). Let f be ((-21)/a + -2)*-2. What is the units digit of (1 + f)/((-6)/39)?
3
Suppose 0 = -109*j + 119*j - 18520. What is the hundreds digit of j?
8
Let v = 20 - 16. Suppose -v*t - 9 + 38 = -k, 4*k + 20 = 0. Suppose 3*n = -f + t, -4 = -3*n + n + 3*f. What is the units digit of n?
2
Let g(f) be the second derivative of f**3/6 - 3*f**2 - 2*f. Let s be g(9). Suppose -y = 4*m - 24, 3*y - 23 = y - s*m. What is the units digit of y?
4
Let y(w) = 9 - w - 1 - 6*w + 3*w. Let m(s) = -5*s + 7. Let k(v) = -5*m(v) + 4*y(v). What is the units digit of k(2)?
5
Suppose -2*c + 0*c + 3 = j, -c = -2*j - 4. Suppose -c*s - 24 = -5*s. What is the tens digit of (-4)/(0 - s)*92?
4
Let l be 4 + -1 + (3 - -5). Suppose 19 = 5*m - 4*n, m - 3*n - l = -4*n. Suppose -w + 29 = 3*k, -4*k = w - m - 30. What is the units digit of k?
8
Suppose 2856 = 5*b + 2*r, 4*r - 317 = -b + 265. What is the tens digit of b?
7
Suppose 0*t - 3*t = t. Let u be (9/(-6))/(6/(-16)). Suppose t = m + u*m - 295. What is the units digit of m?
9
Let c(s) = s + 29. Let f be c(-13). Suppose 737 = f*a - 2063. What is the tens digit of a?
7
Let p = 20 + -18. Suppose 3*a - 2*a + z + 1 = 0, 4*z + 16 = p*a. Suppose f - 87 = -5*m, a*f + 2*f = 8. What is the units digit of m?
7
Let d = -90 - -93. Suppose d*o - 531 = 5*j - 2*j, 0 = 3*j + 15. What is the hundreds digit of o?
1
Let w(m) = -3*m - 3. Let f be w(-5). Let b(n) = 5*n + 0*n - f*n**2 + 8*n - 2*n**3 + 3 + 3*n**3. What is the units digit of b(11)?
5
Let i(w) = 2*w**2 - 5*w - 54. What is the units digit of i(16)?
8
Let p = 28 + -22. Suppose -4*w - 3*g - 6 = 0, -10 = -2*w + p*g - g. Suppose -2*h - 2*a + 2 + 8 = 0, 4*h + 2*a - 16 = w. What is the units digit of h?
3
Suppose w + 24 = 4*w. Suppose -w*c + 32 = -4*c. Let j(f) = 5*f - 19. What is the units digit of j(c)?
1
Suppose -4 = -h + u, 8 = -2*h + 6*h + 4*u. Suppose 2*s - h*s + 36 = 0. What is the tens digit of s?
3
Let b be 2 + (3 + 0)/(3/7). Let m(j) = 2*j**2 - 19. What is the tens digit of m(b)?
4
Let h(m) = 59*m - 12. Let y be h(11). Suppose 3*t = -5*v + y, 0 = 4*t - 0*v + v - 821. What is the hundreds digit of t?
2
What is the units digit of 1806 + 1 - 30*4/24?
2
Suppose 0 = 3*h + 7*h - 3980. What is the hundreds digit of h?
3
Let c = -500 + 1123. What is the units digit of c?
3
Let q be 125/5 - (-3 - -1). Suppose 0 = 4*o + 4*h - 96, -h = 2*o - q - 18. What is the units digit of o?
1
Suppose -258 = -29*d + 31*d. Let h = 132 - d. What is the units digit of h?
1
Suppose 6*r = 7*r - 119. What is the tens digit of r - ((-32)/14 - 4/(-14))?
2
Suppose 0 = -4*m + 3*r - 9, 3*m - 4*m - 26 = 4*r. Let u(n) = -7*n**2 - 2*n**2 - 8*n + 5 - n**3 + 2*n**2. What is the tens digit of u(m)?
1
Suppose -3*y = 2*n - 1190, 0 = -5*y - 0*n + n + 1979. What is the tens digit of y?
9
Let x = -33 - -31. Let b(v) = -5*v - 4. Let n be b(x). Suppose -w - 255 = -n*w. What is the units digit of w?
1
Suppose 3*k + 340 = 5*g + 1095, -5*g = 3*k - 805. Suppose 2*h + 2*h = k. What is the units digit of h?
5
Suppose -5*b - 531 = -2*z, -14*z - 511 = -16*z + b. What is the units digit of z?
3
Suppose -2*q = -7*i + 2*i - 42, -4*q + 5*i = -64. Suppose -4*g - 11 = -3. Let m = g + q. What is the units digit of m?
9
Suppose -24 = -5*r - 2*n, -2*r = 2*r - n - 14. What is the units digit of (12/(-4))/(r/(-6 - -2))?
3
Let j(c) be the second derivative of 0 - 3*c**2 - 1/12*c**4 - 3/2*c**3 - 5*c. What is the units digit of j(-6)?
2
Let p be (-25)/1*(-10)/25. Suppose 5*f - p = -5*w, 0*w - 10 = 4*f - 2*w. What is the tens digit of (-110)/(-15)*(f - -4)?
2
Suppose -3*c + 1493 = -4*p, 9*c - 1002 = 7*c + 4*p. What is the tens digit of c?
9
Suppose -2*s + 38 = 2*s - 2*t, 3*s - t - 30 = 0. What is the units digit of 3/((132/56)/s)?
4
Let a(p) = -7*p**2 - 6 + 5*p - p + 4*p**3 - 2*p**3 + 0*p**3. What is the units digit of a(5)?
9
What is the tens digit of (-23)/((-276)/13104) + (-1 - 1)?
9
What is the hundreds digit of (23 - 1)/((-4492)/562 - -8)?
0
Let p(c) be the second derivative of -c**4/12 - c**3/2 + c**2 + 4*c. Let u be p(-3). Suppose 13 = -2*v - d + 49, -u*d + 18 = v. What is the units digit of v?
8
Let r = 60 + -114. Let m(w) = -16*w**2 - 9*w - 1. Let c be m(2). Let p = r - c. What is the tens digit of p?
2
Let g(b) = 13*b**2 + 17*b + 5. What is the hundreds digit of g(6)?
5
Let c = 317 - -2750. What is the units digit of c?
7
What is the units digit of (-15)/15*(-23)/1?
3
Let x(f) = -20*f - 8. Let a be x(-4). Let s(p) = -p + 12. Let m be s(5). Suppose -m*u + 124 + a = 0. What is the units digit of u?
8
Let i be (-1)/8 + (-66)/(-16). Suppose -i*s - 4*d - 8 = 0, -5*s = -s + 2*d. Suppose 0*t = t - s*g - 21, -129 = -5*t + 2*g. What is the tens digit of t?
2
Suppose -62 = q + h, 4*q + 280 = -0*q + 4*h. Let p = -26 - q. What is the tens digit of p?
4
Let w be 3*738/(-10) - (-4)/10. Let l = w + 410. What is the units digit of l?
9
Suppose -2*s - c + 3*c + 312 = 0, s - 160 = -3*c. Let t = s + -40. What is the units digit of t?
7
Let s(m) be the first derivative of 3*m**2/2 - 5*m - 6. Let c be s(9). Suppose c = l + 7. What is the units digit of l?
5
Let t(f) = -f**2 + f + 40. Let l = -18 - -18. What is the tens digit of t(l)?
4
What is the hundreds digit of (876 - -6)*(-2)/(-6)?
2
Let f = 77 - 53. Let q be 2/5 + f/15. Suppose 2*a + 19 = z, -q*a + 108 - 32 = 4*z. What is the units digit of z?
9
Suppose 5*j - 4*s - 11460 = -5*s, -j - 4*s + 2311 = 0. What is the thousands digit of j?
2
Suppose -6 + 61 = 5*x. Suppose x*m + 44 - 231 = 0. What is the units digit of m?
7
Suppose 0 = -4*k + 2019 - 687. What is the tens digit of k?
3
Let u(r) = r - 6. Let w be u(3). Suppose 2 = -115*t + 116*t. What is the units digit of 10/((w - -2) + t)?
0
Let r = 369 + -259. Suppose -4*p + 5*u + r = 0, 5*p - 115 = -5*u - 0*u. Suppose 4*y - p = -y. What is the units digit of y?
5
Let u(z) = z**2 + 11*z + 10. Let j be u(-10). Suppose 4*b - 16 = -j*b. Suppose -b*t = 16, 5*t + 42 = 3*v - 62. What is the units digit of v?
8
What is the hundreds digit of 574 + (-1 - -5) + 46/23?
5
Let r = -4 - 1. Let m be r*(1 + (-2)/10). Let p(v) = -v**3 - 2*v**2 + 5*v - 1. What is the units digit of p(m)?
1
Suppose 2*g - 1850 = -4*f, -2*g - g = -2*f + 913. What is the tens digit of f?
6
What is the units digit of ((-70)/(-25))/(1/410)?
8
Suppose 4*n - 311 = -3*h + 22, -h - 2*n = -113. Suppose 0 = -2*c + h + 1. Let b = 29 + c. What is the units digit of b?
3
Let s(v) be the first derivative of -v**3/3 + 15*v**2/2 - v - 12. What is the tens digit of s(14)?
1
Let f = 57 - -334. What is the units digit of f?
1
Let w be ((-3)/(-6))/((-4)/(-16)). Suppose 6 = w*t - 0*t. Suppose -2*p = 3*g - 50, -t*g + 2*p - 14 = -72. What is the tens digit of g?
1
Let n = -4 + 0. Let c be (2 - n)/((-4)/(-114)). What is the units digit of (-5)/25 + c/5?
4
Let k(t) = t**2 + 14*t + 5. Let c be k(-14). Suppose c*j = 361 - 36. What is the units digit of j?
5
What is the tens digit of -28*(-5)/((-180)/(-3123))?
2
Suppose -3*g + 5*g - 80 = 0. Let n = -15 - -19. Suppose 0 = -3*b + n*h + g, -b = -3*b + 5*h + 29. What is the tens digit of b?
1
Let f(w) = w**3 - 7*w**2 + 4*w - 24. Let t be f(7). Suppose 9*x = t*x + 245. Let m = 12 + x. What is the units digit of m?
1
Suppose 247 = -6*l + 1567. Suppose 5*q - b - 655 + 128 = 0, 2*q - 5*b - l = 0. What is the hundreds digit of q?
1
Let z = 422 - 214. What is the tens digit of z?
0
Let k(l) = l**2 - 3*l - 13. Let f(n) = 2*n**2 - 6*n - 27. Let r(i) = -4*f(i) + 9*k(i). What is the units digit of r(-6)?
5
Let r(s) = 60*s + 65. What is the hundreds digit of r(15)?
9
Let w = -17 - -309. What is the tens digit of w?
9
Suppose 100533 = 36*j - 13*j. What is the tens digit of j?
7
Let d = 821 + -822. Let u(s) = 2 + s**2 - 20*s**3 - 5 + 2*s + 4. What is the units digit of u(d)?
0
Suppose -4*i + 43 = -3*m - 48, 4*m = -i + 37. What